.
2, 25579
What are the prime factors of 274568?
2, 7, 4903
List the prime factors of 16770019.
7, 197, 12161
List the prime factors of 35759.
35759
List the prime factors of 377932.
2, 94483
List the prime factors of 275612.
2, 68903
What are the prime factors of 285120?
2, 3, 5, 11
What are the prime factors of 16207?
19, 853
What are the prime factors of 2461220?
2, 5, 109, 1129
List the prime factors of 319746.
2, 3, 7, 23, 331
List the prime factors of 6071286.
2, 3, 13, 277, 281
List the prime factors of 6498050.
2, 5, 13, 769
List the prime factors of 5044055.
5, 193, 5227
List the prime factors of 880551.
3, 7, 1553
List the prime factors of 15885699.
3, 89, 59497
What are the prime factors of 3279821?
1301, 2521
List the prime factors of 36729701.
47, 781483
What are the prime factors of 15131528?
2, 43, 43987
What are the prime factors of 333046?
2, 7, 23789
List the prime factors of 9767072.
2, 7, 6229
List the prime factors of 423959.
23, 18433
List the prime factors of 14347474.
2, 7173737
List the prime factors of 406185.
3, 5, 13, 2083
List the prime factors of 46304.
2, 1447
List the prime factors of 399365.
5, 79873
What are the prime factors of 27592368?
2, 3, 631, 911
List the prime factors of 900472.
2, 112559
List the prime factors of 70999.
70999
What are the prime factors of 1105714?
2, 17, 1913
List the prime factors of 102189.
3, 23, 1481
List the prime factors of 115072.
2, 29, 31
List the prime factors of 84273.
3, 7, 4013
What are the prime factors of 12421042?
2, 761, 8161
What are the prime factors of 3890049?
3, 47, 587
What are the prime factors of 240607?
240607
List the prime factors of 240832.
2, 53, 71
What are the prime factors of 5520031?
11, 501821
What are the prime factors of 11297638?
2, 11, 513529
What are the prime factors of 670175?
5, 11, 2437
List the prime factors of 119999.
11, 10909
What are the prime factors of 10953747?
3, 7, 19, 9151
List the prime factors of 1677848.
2, 131, 1601
List the prime factors of 2875303.
53, 54251
What are the prime factors of 5375353?
23, 29, 8059
What are the prime factors of 15965365?
5, 13, 245621
What are the prime factors of 6715983?
3, 2238661
List the prime factors of 9634233.
3, 7, 65539
What are the prime factors of 3536113?
7, 505159
What are the prime factors of 205912?
2, 7, 3677
What are the prime factors of 1316277?
3, 48751
List the prime factors of 22750785.
3, 5, 505573
What are the prime factors of 1228152?
2, 3, 73, 701
What are the prime factors of 116446?
2, 11, 67, 79
List the prime factors of 106180.
2, 5, 5309
List the prime factors of 1011613.
97, 10429
List the prime factors of 2879789.
11, 261799
What are the prime factors of 27848769?
3, 13, 47, 15193
What are the prime factors of 393680?
2, 5, 7, 19, 37
What are the prime factors of 107175?
3, 5, 1429
What are the prime factors of 122486?
2, 7, 13, 673
List the prime factors of 359590.
2, 5, 7, 11, 467
List the prime factors of 103403.
53, 1951
What are the prime factors of 551438?
2, 275719
What are the prime factors of 160792?
2, 101, 199
List the prime factors of 171460.
2, 5, 8573
What are the prime factors of 73393?
23, 3191
List the prime factors of 310541.
7, 11, 37, 109
List the prime factors of 1637428.
2, 13, 31489
What are the prime factors of 1514465?
5, 499, 607
What are the prime factors of 4471565?
5, 7, 251, 509
What are the prime factors of 685623?
3, 449, 509
List the prime factors of 344896.
2, 17, 317
List the prime factors of 3159815.
5, 257, 2459
List the prime factors of 728431.
11, 66221
List the prime factors of 5286806.
2, 7, 73, 739
List the prime factors of 3474888.
2, 3, 67, 2161
List the prime factors of 1125817.
7, 11, 14621
List the prime factors of 28392.
2, 3, 7, 13
What are the prime factors of 1158770?
2, 5, 115877
List the prime factors of 955637.
29, 31, 1063
List the prime factors of 13292799.
3, 13, 19, 17939
What are the prime factors of 600444?
2, 3, 13, 1283
List the prime factors of 1481476.
2, 23, 16103
What are the prime factors of 19828?
2, 4957
What are the prime factors of 4842851?
13, 31, 61, 197
List the prime factors of 6088405.
5, 29, 199, 211
What are the prime factors of 36430849?
7, 13, 400339
List the prime factors of 1824733.
911, 2003
What are the prime factors of 1864234?
2, 932117
What are the prime factors of 4371264?
2, 3, 7589
List the prime factors of 338712.
2, 3, 11, 1283
What are the prime factors of 4086202?
2, 2043101
What are the prime factors of 5903120?
2, 5, 113, 653
List the prime factors of 105085.
5, 21017
List the prime factors of 135779.
7, 17, 163
List the prime factors of 443066.
2, 13, 17041
List the prime factors of 526257.
3, 73, 89
List the prime factors of 432661.
432661
What are the prime factors of 6366842?
2, 31, 103, 997
List the prime factors of 463271.
283, 1637
What are the prime factors of 483704?
2, 13, 4651
What are the prime factors of 440268?
2, 3, 19, 1931
List the prime factors of 2443573.
11, 193, 1151
What are the prime factors of 2900986?
2, 11, 29, 4547
What are the prime factors of 99870?
2, 3, 5, 3329
List the prime factors of 14520277.
14520277
What are the prime factors of 5064268?
2, 11, 179, 643
What are the prime factors of 141460?
2, 5, 11, 643
List the prime factors of 805459.
251, 3209
What are the prime factors of 205445?
5, 17, 2417
List the prime factors of 5333140.
2, 5, 467, 571
What are the prime factors of 1396293?
3, 313, 1487
What are the prime factors of 563430?
2, 3, 5, 7, 2683
What are the prime factors of 4460489?
11, 405499
What are the prime factors of 122140?
2, 5, 31, 197
List the prime factors of 196784.
2, 7, 251
List the prime factors of 1186462.
2, 593231
List the prime factors of 9337018.
2, 19, 245711
List the prime factors of 24850206.
2, 3, 460189
What are the prime factors of 865878?
2, 3, 13, 17, 653
List the prime factors of 526538.
2, 263269
What are the prime factors of 16198669?
16198669
What are the prime factors of 195496?
2, 7, 3491
List the prime factors of 989302.
2, 494651
What are the prime factors of 140353?
19, 83, 89
What are the prime factors of 408030?
2, 3, 5, 7, 29, 67
List the prime factors of 5211742.
2, 2605871
List the prime factors of 2832363.
3, 314707
List the prime factors of 3207034.
2, 1603517
What are the prime factors of 2762514?
2, 3, 167, 919
What are the prime factors of 253126?
2, 67, 1889
List the prime factors of 10577785.
5, 43, 49199
What are the prime factors of 1997605?
5, 67, 89
List the prime factors of 179955.
3, 5, 31, 43
What are the prime factors of 3162616?
2, 53, 7459
List the prime factors of 19054.
2, 7, 1361
What are the prime factors of 4204998?
2, 3, 7, 23, 1451
What are the prime factors of 3356894?
2, 1051, 1597
What are the prime factors of 1583133?
3, 41, 61, 211
What are the prime factors of 58272?
2, 3, 607
What are the prime factors of 6592580?
2, 5, 329629
What are the prime factors of 579358?
2, 13, 22283
List the prime factors of 95412.
2, 3, 7951
List the prime factors of 5755352.
2, 719419
List the prime factors of 300331.
300331
List the prime factors of 70893.
3, 7877
What are the prime factors of 2116415?
5, 7, 17, 3557
List the prime factors of 733126.
2, 97, 3779
List the prime factors of 99613.
23, 61, 71
List the prime factors of 9580937.
9580937
What are the prime factors of 2319840?
2, 3, 5, 179
What are the prime factors of 3215691?
3, 431, 829
What are the prime factors of 253387?
253387
What are the prime factors of 13249977?
3, 13, 43, 7901
What are the prime factors of 4087054?
2, 23, 3863
What are the prime factors of 1457630?
2, 5, 71, 2053
What are the prime factors of 23072?
2, 7, 103
What are the prime factors of 198719?
198719
What are the prime factors of 104417?
104417
List the prime factors of 18617476.
2, 431, 10799
What are the prime factors of 112990?
2, 5, 11299
List the prime factors of 287991.
3, 11, 2909
List the prime factors of 3848505.
3, 5, 256567
List the prime factors of 6068651.
6068651
What are the prime factors of 7170542?
2, 3585271
What are the prime factors of 7184978?
2, 83, 43283
List the prime factors of 178749.
3, 19861
What are the prime factors of 229674?
2, 3, 101, 379
List the prime factors of 619996.
2, 13, 11923
What are the p